Suppose 0 = -2*s + m*l - 2*l - 202, 194 = -2*s + 5*l. Let p = -52 - s. What is the units digit of p?
0
Let j = 31 - 39. Let h(a) = -a**2 - 12*a - 6. What is the units digit of h(j)?
6
What is the hundreds digit of 5 - (1183 + -27)*(-6)/4?
7
Let g = 334 - 184. What is the units digit of g?
0
Let r(g) = -2*g**2 - 8*g + 14. Let d be r(6). Let a = -94 - d. What is the tens digit of a?
1
Let g(s) = -s**2 - 3*s + 53. Suppose 2*p = f - p + 3, 3*f = -2*p + 2. What is the tens digit of g(f)?
5
Suppose 3*k - 5*m = 14225, -18932 = -4*k + m - 3*m. What is the units digit of k?
5
Let v = -134 - -243. What is the tens digit of v?
0
Let v = -1 - -7. Suppose 4*n - v*n - a = 56, -a + 4 = 0. What is the units digit of ((-8)/(-20))/((-2)/n)?
6
Suppose -d = -7*t + 6*t + 149, -3*d = 3*t - 465. What is the hundreds digit of t?
1
What is the tens digit of (0 + 8748/(-24))/(2/(-4))?
2
Let s(u) = 4*u**2 + u + 1. Suppose 0 = 5*m + 3 + 2. Let x be s(m). Suppose 4*y - l + x*l = 119, 3*l = 15. What is the tens digit of y?
2
What is the hundreds digit of (-1 - (-194)/6)/(88/1716)?
6
Let z = -2299 - -4227. What is the tens digit of z?
2
Let z(i) = -7 - 4*i**2 + 8*i + 4*i**2 + i**3 - 4*i**2 - 3*i**2. Let o = 10 + -3. What is the units digit of z(o)?
9
Let f = -28 + 20. Let t be (-4)/(-16) - 38/f. Suppose -t*a - 61 = -5*l + 79, -5*a - 44 = -l. What is the tens digit of l?
2
Let y(d) = 14*d + 725. What is the tens digit of y(0)?
2
Suppose 3*c + 5*g + 37 = 0, g - 13 = 2*c + 2*g. What is the units digit of (-1304)/(-16) + 2/c?
1
Suppose o = -7*o + 6776. What is the units digit of o?
7
Let b = 26 - 22. Let w be 1*b/(8/(-14)). What is the units digit of (-93)/w - 14/49?
3
Let t(s) = -2*s**2 - 16*s + 18. Suppose -4*g + 4 = -4. Let l(q) = q**2 + 16*q - 18. Let v(k) = g*t(k) + 3*l(k). What is the units digit of v(12)?
0
Let r be 0 + (-1 - -4) + 0. Suppose -4*n - 4*u + 110 = -234, r*n - 3*u = 288. What is the units digit of n?
1
What is the tens digit of 6/(-45) + (-13024)/(-30)?
3
Let y(b) = 357*b + 23. What is the units digit of y(1)?
0
Suppose -157*f + 13307 = 3*c - 152*f, -5*c + 5*f + 22245 = 0. What is the tens digit of c?
4
Let h be 5 + 5 + -3 + 0. Let d(i) = 2*i - 10. Let v be d(h). Suppose v*l + l = 45. What is the units digit of l?
9
Let v(j) be the second derivative of j**5/20 + j**4 + 4*j**3/3 + 6*j**2 + 17*j. What is the tens digit of v(-11)?
4
Let i be -3 - -130*1*(3 - 2). Suppose -i + 423 = 8*b. What is the tens digit of b?
3
Let p(z) = 3*z**2 - 1. Let r be 1/(0 - (0 - -1)). Let w be p(r). Suppose -b + 33 = w*b. What is the units digit of b?
1
Suppose k - 143 = -2*b, 3*k - 3*b - 396 = 42. Let o = -81 + k. What is the tens digit of o?
6
Let w = -1839 - -2320. What is the tens digit of w?
8
Suppose 0 = -10*k + 6*k + 12. Suppose k*p = 87 + 75. Suppose -2*u + p = u. What is the units digit of u?
8
What is the hundreds digit of 8/(64/996) - (-3)/6?
1
Suppose t = -5, -5*c - 4*t - t = 140. What is the units digit of -2 + (0 - c) - 1?
0
Let c(k) = k**2 + 3*k + 4. Let v be c(-6). Let a be -2 + 6 - (-2 - -8). What is the tens digit of (-45)/a + 11/v?
2
What is the tens digit of (-4 + 5*(-6)/(-4))*116?
0
Suppose 23*j = 22*j - 69. Let a = j - -140. What is the tens digit of a?
7
Let i be 0/(2 + (1 - 2)). Suppose i = -0*g + 2*g - 80. What is the units digit of g?
0
Let s(f) = -5*f**3 + f**2 + 2*f + 1. Let i be s(-1). Let b(g) = g**2 - 5*g - 2. Let z be b(i). What is the units digit of z + 0 + (-18)/(-3)?
4
Suppose -3*h + 28 = h. What is the units digit of (h/(-21))/(2/(-84))?
4
Let g = 6 - 3. What is the tens digit of (g + -4)/((-2)/74)?
3
Suppose j + 47 = 2*i, 3*i + 2*j - j = 78. What is the tens digit of i?
2
Let r be (9/(-6))/(3/6). Let b be 2541/18 + r/18. Suppose -c - 2*c + b = 0. What is the tens digit of c?
4
Suppose 5*s = 3*h + 2489, -2*s + 1392 = 4*h + 412. What is the units digit of s?
6
Suppose -4*u + g - 5*g + 604 = 0, -u - 2*g = -150. Let d = 86 + u. What is the units digit of d?
8
What is the tens digit of ((-52)/18)/13 + (-832)/(-18)?
4
Suppose -2*s - 2392 = -n - 7*s, -3*n - 3*s = -7236. What is the thousands digit of n?
2
Let p = 31 + -29. Suppose 3*r - 28 = -p*l, 0 = 4*r - 3*l - 6 - 20. What is the units digit of r?
8
Suppose 0 = -3*t - 5*p + 323, 106 + 7 = t + 3*p. Let d = t + 35. What is the units digit of d?
6
Suppose 0 = s + s + 16. Let u = s - -8. Suppose 0 = -u*a + 5*a - 20. What is the units digit of a?
4
Let u(i) = i**2 + 40*i + 301. What is the units digit of u(59)?
2
Let j(k) = 2*k**3 - 9*k**2 + 6*k + 7. Let t be j(6). Suppose 6*w - 191 = t. What is the tens digit of w?
5
Suppose 0 = -3*t + 33 - 12. Suppose 2*z - 1 = -t, -5*z = -n. Let u = -6 - n. What is the units digit of u?
9
Suppose -87*z = -95*z + 3672. What is the units digit of z?
9
Let p(m) be the third derivative of -m**5/60 + m**4/4 + 17*m**3/6 - 4*m**2. Let t be p(8). What is the units digit of ((-67)/(-2)*2)/t?
7
Suppose -1033 = -6*j - 79. Suppose 0 = -3*a - 2 - 7, -5*u + j = 2*a. What is the units digit of u?
3
Let g(a) = a**2 - 4*a - 2. Let l be g(5). Suppose 0 = -5*y + l*i - 18 + 132, -10 = -5*i. What is the units digit of y?
4
Let y(h) = 201*h - 395. What is the hundreds digit of y(18)?
2
Let w(r) = -26*r - 1 + 2*r - 8. What is the hundreds digit of w(-10)?
2
Suppose 0 = 3*n + g - 14, 4*n + 8 = 5*n + g. Let k be ((-2)/4)/(n/(-180)). Suppose 2*t = k + 78. What is the tens digit of t?
5
Let k be (16/6 - 2)/((-4)/(-18)). Suppose -3*l + 333 = -k*r + 5*r, -9 = -3*l. What is the tens digit of r?
6
Let c = 23 - 15. Suppose 0 = -0*k + 4*k + c. Let b = k - -13. What is the units digit of b?
1
What is the hundreds digit of (-545)/10*(-36)/6?
3
Let l = -9 - -13. Suppose -l*k = -262 - 554. What is the hundreds digit of k?
2
Suppose 3*y - 2*d = 818, -2*y + d = 3*y - 1354. Suppose 2*k - y = -3*i, -3*i - 6*k + k + 261 = 0. What is the units digit of i?
2
Let m(n) = -26*n**3 - 2*n**2 + 2*n - 7. What is the units digit of m(-3)?
1
Suppose -56*i + 20314 + 15694 = 0. What is the units digit of i?
3
Suppose -4*n + 6 = -2*u, 21 = 4*u - 2*n + 5*n. Let m be (-1)/u + 4/3. What is the tens digit of m/(-3) - 46/(-3)?
1
Let m = -159 - -418. What is the tens digit of m?
5
Let z = -5 - -24. Let c = 69 + -49. Let o = c - z. What is the units digit of o?
1
What is the hundreds digit of (4/8)/(14/14840)?
5
Suppose h + 2*d = 491, -d = -3*h - 6*d + 1475. What is the tens digit of h?
9
Suppose 3*w - 4905 = 4*n + 1559, -2168 = -w - 2*n. What is the units digit of w?
0
Let h = -270 + 271. What is the units digit of h?
1
What is the units digit of (34/(-102))/((-3)/7974)?
6
Suppose a - 17 = -15. Suppose u + a*i - 3*i = 14, 4*i + 38 = 2*u. What is the units digit of u?
9
Suppose -3*z - 2*w + 7*w - 37 = 0, 0 = 5*z + 5*w - 5. Let x(i) = 3*i - 21. Let y be x(9). Let v = z + y. What is the units digit of v?
2
Suppose -5*p + 1 + 19 = 0. Suppose 0 = -5*d + p*v - 80 + 253, 4*d - 130 = -v. What is the units digit of d?
3
Suppose -3*q + 77 = -46. Suppose x - q = -2. Suppose -2*f + 5*f = x. What is the tens digit of f?
1
Let z = -35 + -41. Let d = -20 - z. What is the units digit of d?
6
Suppose 11*f - 16*f - 2*m = -4071, -4*m - 823 = -f. What is the tens digit of f?
1
Suppose 3*c = -3*f + 294, -3*c + 18 = f - 72. Suppose 4*x + f = 7*x. What is the tens digit of x?
3
Let w = -102 + 90. What is the tens digit of 7/(28/w) - -192?
8
Suppose 25 - 197 = -4*h. What is the units digit of 0 + h - (9 - 12)?
6
Suppose 5*r = -0*r - 4*n, -4*n = 4*r. Let z(o) = -o**2 - 7*o + 5. Let u be z(-7). Suppose r = 2*c + u - 11. What is the units digit of c?
3
Let n(z) = -z**2 + z - 47. Let o be n(0). Let w = o - -142. What is the tens digit of w?
9
Let w(p) = -8*p - 9. What is the tens digit of w(-5)?
3
Let g(f) = -f**2 - f - 1. Let m(z) = -z**3 + 6*z**2 - 2*z - 12. Let w(j) = -4*g(j) + m(j). Let h = 233 - 223. What is the units digit of w(h)?
2
Let c(y) = -4*y + 11. Let q = 37 + -57. What is the units digit of c(q)?
1
Let u(j) = -j**2 + 11*j - 2. Let y be u(10). Let o = -126 + 132. Suppose 2*t - o - y = 0. What is the units digit of t?
7
What is the tens digit of 1*4/(-26) - (-3005)/13?
3
Let u(r) = -2*r - 3. Let c(d) = 4*d + 5. Let x(t) = -3*c(t) - 5*u(t). Let q(p) = -p**2 + 5*p - 1. Let w be q(6). What is the tens digit of x(w)?
1
Suppose 3*u = 3*r + 87